et j(c) = -2*c**2 - 86*c - 564. Give j(-35).
-4
Let p(x) = x**2 + 162*x + 1379. Determine p(-153).
2
Let a(x) = -2*x + 74. Give a(-30).
134
Let u(i) = 2*i**3 - 69*i**2 - 31*i - 119. Calculate u(35).
21
Let g(p) = 1072*p - 12874. What is g(12)?
-10
Let c(t) = 7*t**2 - 410*t + 2730. Give c(51).
27
Let q(d) = d**3 + 9*d**2 + 7*d + 39. Give q(-9).
-24
Let r(w) = -w**3 + 9*w**2 + 7*w - 132. Determine r(8).
-12
Let s(l) = l**2 - 11*l - 381. What is s(-16)?
51
Let g(u) = u**3 - 11*u**2 - 18*u + 348. Calculate g(8).
12
Let u(g) = -19*g**2 - 123*g + 662. Give u(-10).
-8
Let g(b) = -6*b**2 - 70*b + 384. What is g(5)?
-116
Let y(r) = 2*r**3 - 42*r**2 - 91*r - 15. What is y(23)?
8
Let k(x) = -6*x**2 + 251*x + 29. Calculate k(42).
-13
Let m(g) = 276*g - 6666. Give m(24).
-42
Let b(f) = f**3 + 8*f**2 + 16*f + 50. What is b(-6)?
26
Let w(b) = -3*b**3 - 26*b**2 - 36*b + 4. Give w(-6).
-68
Let t(r) = -220*r - 1945. What is t(-9)?
35
Let l(j) = -16*j + 81. What is l(-14)?
305
Let k(q) = -4*q - 49. Give k(-22).
39
Let a(v) = -v**3 - 5*v**2 + 7*v - 16. What is a(4)?
-132
Let v(d) = -d**2 - 10*d - 2. Give v(5).
-77
Let i(y) = y**2 + 30*y + 147. Give i(-30).
147
Let m(c) = -6*c + 542. What is m(73)?
104
Let q(r) = 246*r + 1710. Calculate q(-7).
-12
Let q(z) = 4592*z - 13755. Determine q(3).
21
Let i(s) = -15*s - 43. What is i(10)?
-193
Let a(r) = -r**3 + 6*r**2 - 33*r + 133. Determine a(5).
-7
Let o(r) = r**3 - 12*r**2 - 70*r + 78. Calculate o(16).
-18
Let w(x) = -2036*x + 14514. Give w(7).
262
Let f(r) = 5*r**2 + 22*r - 36. Give f(-7).
55
Let r(h) = 2832*h + 8512. Determine r(-3).
16
Let r(d) = -4*d + 67. Determine r(5).
47
Let b(z) = -5*z**2 + 8*z + 1782. Determine b(-18).
18
Let d(y) = -228*y - 21. What is d(-1)?
207
Let m(j) = -18*j**2 + 80*j + 85. Give m(5).
35
Let s(v) = -114*v + 15860. Calculate s(139).
14
Let z(l) = l**3 - 12*l**2 - 978*l + 10894. Calculate z(11).
15
Let p(o) = -8*o**2 - 1923*o - 4515. Give p(-238).
7
Let b(p) = 96*p - 2028. Determine b(21).
-12
Let f(k) = -510*k**2 - 62*k + 64. What is f(1)?
-508
Let y(t) = t**3 - 203*t**2 + 10122*t - 233. Calculate y(115).
-3
Let l(v) = -293*v + 1749. Calculate l(6).
-9
Let m(t) = 2*t**3 + 5*t**2 + 2*t - 25. What is m(-6)?
-289
Let f(i) = -i**3 + 9*i**2 + 89*i - 792. Give f(8).
-16
Let s(p) = p**3 - 5*p**2 - 10*p - 19. Calculate s(6).
-43
Let q(z) = 36*z - 29. Calculate q(7).
223
Let s(h) = 2*h**2 + 181*h - 368. What is s(2)?
2
Let a(u) = 125*u + 1995. Give a(-16).
-5
Let j(x) = -x**2 - 47*x + 374. Calculate j(-54).
-4
Let k(f) = -64*f - 403. Determine k(-7).
45
Let q(i) = -357*i**3 + 3*i**2 + 2*i - 2. Determine q(-1).
356
Let d(m) = 4365*m - 8722. Give d(2).
8
Let z(y) = 159*y - 4680. What is z(30)?
90
Let x(g) = 20*g + 42. What is x(-5)?
-58
Let o(y) = -y**3 + 25*y**2 + 13*y - 74. Give o(25).
251
Let p(h) = 105*h - 198. What is p(2)?
12
Let y(z) = 61*z - 179. Determine y(3).
4
Let g(h) = -2*h**3 + 63*h**2 + 23*h + 272. Calculate g(32).
-16
Let f(k) = 2463*k + 2410. Calculate f(-1).
-53
Let n(x) = -10*x - 158. Determine n(-16).
2
Let t(y) = -177*y - 43. What is t(-3)?
488
Let y(w) = -w**3 - 30*w**2 - 204*w + 76. Calculate y(-19).
-19
Let m(a) = 670*a + 5144. Determine m(-8).
-216
Let g(h) = h**3 - 35*h**2 + 97*h - 52. What is g(32)?
-20
Let b(f) = -15527*f + 93164. Calculate b(6).
2
Let z(a) = a + 181. What is z(-171)?
10
Let v(q) = -q**3 + 52*q**2 - 147*q + 1. Calculate v(49).
1
Let a(l) = -l**3 + 86*l**2 + 650*l + 119. Calculate a(93).
26
Let q(g) = -3*g**2 - 230*g + 308. What is q(-78)?
-4
Let z(j) = -j**3 - 16*j**2 - 48*j - 2. Determine z(-6).
-74
Let m(o) = o**3 - 13*o**2 + 17*o - 229. Determine m(13).
-8
Let n(q) = -q**3 - 21*q**2 - 10*q + 58. What is n(-20)?
-142
Let y(g) = -g**2 + 46*g + 1462. Give y(-23).
-125
Let t(k) = -14*k**2 - 126*k + 148. Give t(-10).
8
Let f(m) = -8*m**3 - 13*m**2 + 9*m. Calculate f(1).
-12
Let l(o) = -4*o**3 + 58*o**2 - 83*o + 6. Calculate l(13).
-59
Let r(j) = 22*j**2 - 15*j - 18. What is r(-1)?
19
Let v(i) = -5*i**3 + 22*i**2 + 21*i - 29. What is v(5)?
1
Let u(j) = -j**3 + 21*j**2 - 3*j + 116. Give u(21).
53
Let i(n) = -1256*n + 7560. Calculate i(6).
24
Let i(y) = -827*y - 4151. What is i(-5)?
-16
Let j(k) = 3*k**2 - 5*k - 96. What is j(-9)?
192
Let p(m) = 3*m**2 - 14*m - 38. What is p(-7)?
207
Let g(a) = a**3 + 11*a**2 - a + 45. Calculate g(-8).
245
Let i(n) = -n**2 + 44*n - 475. What is i(20)?
5
Let o(t) = 2*t**2 + 10*t - 161. Give o(9).
91
Let b(k) = k**3 + 25*k**2 + 28*k + 278. Determine b(-24).
182
Let j(n) = n**3 - 18*n**2 + 2*n - 28. Determine j(18).
8
Let v(j) = j**3 - 6*j**2 + 5*j + 1. What is v(7)?
85
Let k(v) = 2413*v - 24082. What is k(10)?
48
Let b(g) = 179*g - 848. Determine b(7).
405
Let z(r) = -1390*r + 18. Calculate z(0).
18
Let v(m) = -2*m**3 + 17*m**2 - 11*m - 61. Determine v(8).
-85
Let q(r) = 5*r**2 + 88*r + 11. What is q(-17)?
-40
Let n(o) = -84*o**2 + 9154*o + 177. Calculate n(109).
-41
Let o(w) = -2*w**3 - 14*w**2 - 24*w - 36. Give o(-11).
1196
Let i(l) = l**3 - 2*l**2 + 13*l - 1. Determine i(6).
221
Let w(y) = y**2 - 57*y - 316. Give w(62).
-6
Let n(x) = -x**3 - 45*x**2 - 248*x + 15. Give n(-6).
99
Let g(s) = 4*s - 75. Give g(8).
-43
Let u(r) = -r**2 + 19*r + 108. What is u(-5)?
-12
Let k(r) = -338*r + 2201. Determine k(7).
-165
Let h(k) = -49*k**2. Calculate h(1).
-49
Let x(j) = 14*j - 254. Give x(14).
-58
Let i(y) = 121*y - 460. What is i(4)?
24
Let f(q) = -q**3 + 8*q**2 - 31*q + 45. Determine f(6).
-69
Let i(n) = -23*n + 690. Calculate i(29).
23
Let i(z) = -2*z**3 - 12*z**2 - 32*z - 16. Calculate i(-7).
306
Let l(z) = -2*z**3 - 178*z**2 - 5*z - 451. Determine l(-89).
-6
Let m(v) = -248*v - 5943. Calculate m(-24).
9
Let a(t) = 99*t + 632. Determine a(-14).
-754
Let b(q) = -q**3 - 4*q**2 + 24*q + 101. Determine b(-4).
5
Let u(q) = -4*q - 257. Give u(-52).
-49
Let r(s) = 44*s + 12. Calculate r(1).
56
Let f(i) = 26*i + 555. Give f(-18).
87
Let y(k) = -3*k**3 - 3*k**2 + 11*k + 48. What is y(-5)?
293
Let a(h) = 178*h - 1759. Give a(10).
21
Let m(y) = y**3 - 97*y**2 + 96*y - 1. Determine m(96).
-1
Let t(p) = -p**3 + 8*p**2 + 27. Calculate t(5).
102
Let o(u) = -7*u**3 - 12*u**2 - 210*u - 199. What is o(-1)?
6
Let f(t) = 21*t - 1058. Calculate f(74).
496
Let d(r) = -r**3 + 85*r**2 - 606*r + 9. What is d(8)?
89
Let d(j) = -6*j**3 - 604*j**2 - 391*j + 903. Determine d(-100).
3
Let k(f) = 15*f**2 + 244*f + 96. Calculate k(-16).
32
Let i(y) = 38*y + 269. Give i(-6).
41
Let r(u) = -u**3 - 29*u**2 - 46*u + 183. Determine r(-27).
-33
Let s(w) = w**2 + 756*w - 26860. Determine s(34).
0
Let r(f) = 65*f + 2162. Give r(-37).
-243
Let u(j) = j**3 + 14*j**2 + 11*j + 18. Calculate u(-14).
-136
Let y(z) = -z**3 + 15*z**2 + 5*z + 19. Calculate y(15).
94
Let o(m) = m**2 - 10*m - 380. Give o(21).
-149
Let u(z) = 5*z**2 + 148*z - 62. Determine u(-30).
-2
Let m(c) = -6*c + 19. Determine m(-20).
139
Let h(n) = n**3 + 61*n**2 - 63*n - 58. Give h(-62).
4
Let j(c) = -c**2 + 39*c - 256. Give j(16).
112
Let d(w) = -2*w**2 - 1003*w. Calculate d(0).
0
Let z(x) = 319*x - 1279. Calculate z(3).
-322
Let r(l) = 22*l**2 - 80*l - 24. Give r(4).
8
Let k(h) = 99*h + 7220. What is k(-73)?
-7
Let w(d) = 2*d**3 + 17*d**2 + 40*d + 118. Determine w(-6).
58
Let u(o) = -o**2 - 147*o - 4695. Calculate u(-100).
5
Let y(a) = -18*a + 532. Calculate y(24).
100
Let f(s) = -7*s**2 + 415*s - 4042. Give f(47).
0
Let u(z) = z**3 - 15*z**2 - 46*z - 150. Calculate u(18).
-6
Let m(t) = t**2 + 100*t + 2472. What is m(-44)?
8
Let h(q) = 2*q**2 - 42*q + 162. What is h(14)?
-34
Let y(t) = -t**3 + 9*t**2 - 26*t + 27. Give y(8).
-117
Let w(q) = -q**3 - 109*q**2 - 521*q - 212. What is w(-104)?
-108
Let u(x) = -1156*x - 6924. What is u(-6)?
12
Let b(x) = 2*x**2 - 81*x - 15. What is b(39)?
-132
Let m(u) = -96*u - 1. What is m(-2)?
191
Let s(j) = -31*j**2 - 120*j + 118. Calculate s(1).
-33
Let t(d) = -d**3 - d**2 + 53*d - 24. Determine t(7).
-45
Let r(j) = -25*j**2 - 628*j + 628. Determine r(1).
-25
Let g(v) = -217*v - 3946. What is g(-18)?
-40
Let h(k) = -5*k**3 - 170*k**2 - 6*k - 43. Determine h(-34).
161
Let m(d) = 7*d**2 - 8*d - 12. Calculate m(4).
68
Let l(q) = -q**2 + 52*q - 544. What is l(14)?
-12
Let a(u) = -2*u**2 - 138*u - 135. Determine a(-68).
1
Let v(n) = -57*n - 2231. Give v(-39).
-8
Let t(z) = z